
2, 47, 2129
List the prime factors of 1462992.
2, 3, 29, 1051
List the prime factors of 1183316.
2, 29, 101
What are the prime factors of 898201?
389, 2309
List the prime factors of 264554.
2, 17, 31, 251
List the prime factors of 28952.
2, 7, 11, 47
What are the prime factors of 5122758?
2, 3, 853793
List the prime factors of 14842210.
2, 5, 1484221
What are the prime factors of 4903574?
2, 13, 151, 1249
List the prime factors of 689869.
689869
What are the prime factors of 5418291?
3, 17, 131, 811
List the prime factors of 1720513.
1720513
List the prime factors of 891483.
3, 297161
List the prime factors of 75581.
11, 6871
List the prime factors of 20429612.
2, 7, 23, 31723
List the prime factors of 170546.
2, 269, 317
List the prime factors of 8303358.
2, 3, 7, 197699
What are the prime factors of 111797?
7, 15971
What are the prime factors of 25906?
2, 12953
What are the prime factors of 180293?
29, 6217
List the prime factors of 1784428.
2, 29, 15383
What are the prime factors of 5122847?
5122847
List the prime factors of 5578364.
2, 11, 126781
What are the prime factors of 12124311?
3, 4041437
List the prime factors of 419375.
5, 11, 61
What are the prime factors of 114747?
3, 23, 1663
What are the prime factors of 414086?
2, 17, 19, 641
List the prime factors of 180077.
180077
What are the prime factors of 7062118?
2, 7, 353, 1429
List the prime factors of 284576.
2, 8893
List the prime factors of 560144.
2, 13, 2693
List the prime factors of 19503932.
2, 7, 696569
List the prime factors of 595844.
2, 148961
List the prime factors of 12267518.
2, 2351, 2609
List the prime factors of 109258.
2, 54629
List the prime factors of 33243135.
3, 5, 29, 76421
What are the prime factors of 2061601?
2061601
What are the prime factors of 59513?
59513
List the prime factors of 1452585.
3, 5, 179, 541
What are the prime factors of 1801141?
43, 41887
What are the prime factors of 224635?
5, 44927
What are the prime factors of 826412?
2, 206603
List the prime factors of 2528892.
2, 3, 199, 353
List the prime factors of 1464800.
2, 5, 1831
What are the prime factors of 4170135?
3, 5, 317, 877
What are the prime factors of 8469367?
8469367
List the prime factors of 27789172.
2, 19, 53, 6899
What are the prime factors of 2838061?
41, 69221
List the prime factors of 2430390.
2, 3, 5, 81013
What are the prime factors of 9745436?
2, 173, 14083
List the prime factors of 39253025.
5, 7, 224303
List the prime factors of 424077.
3, 141359
List the prime factors of 116032.
2, 7, 37
List the prime factors of 183893.
307, 599
List the prime factors of 2773118.
2, 59, 71, 331
List the prime factors of 208844.
2, 109, 479
List the prime factors of 193374.
2, 3, 3581
List the prime factors of 811945.
5, 162389
What are the prime factors of 120522?
2, 3, 53, 379
What are the prime factors of 1260997?
37, 173, 197
What are the prime factors of 9343792?
2, 397, 1471
List the prime factors of 317043.
3, 35227
List the prime factors of 34006523.
19, 1249, 1433
List the prime factors of 370084.
2, 11, 13, 647
What are the prime factors of 426849?
3, 263, 541
List the prime factors of 850142.
2, 425071
What are the prime factors of 686877?
3, 228959
What are the prime factors of 1881866?
2, 7, 17, 7907
What are the prime factors of 5708?
2, 1427
What are the prime factors of 66515?
5, 53, 251
What are the prime factors of 653277?
3, 19, 73, 157
List the prime factors of 19499611.
479, 40709
List the prime factors of 11161433.
29, 241, 1597
List the prime factors of 371443.
37, 10039
What are the prime factors of 1871691?
3, 41, 15217
List the prime factors of 434611.
434611
What are the prime factors of 556063?
463, 1201
What are the prime factors of 1549224?
2, 3, 21517
What are the prime factors of 3063048?
2, 3, 23, 31, 179
What are the prime factors of 9034549?
37, 244177
List the prime factors of 295179.
3, 61, 1613
List the prime factors of 68075.
5, 7, 389
What are the prime factors of 1336494?
2, 3, 29, 7681
List the prime factors of 2600139.
3, 866713
What are the prime factors of 2703902?
2, 29, 46619
List the prime factors of 321801.
3, 67, 1601
List the prime factors of 124885.
5, 24977
What are the prime factors of 949605?
3, 5, 29, 37, 59
What are the prime factors of 3199506?
2, 3, 367, 1453
What are the prime factors of 4628035?
5, 925607
What are the prime factors of 10370?
2, 5, 17, 61
List the prime factors of 692842.
2, 346421
List the prime factors of 228075.
3, 5, 3041
List the prime factors of 102985.
5, 43, 479
List the prime factors of 673129.
673129
List the prime factors of 253895.
5, 17, 29, 103
List the prime factors of 45840.
2, 3, 5, 191
List the prime factors of 3570610.
2, 5, 53, 6737
List the prime factors of 634836.
2, 3, 52903
List the prime factors of 784366.
2, 11, 101, 353
List the prime factors of 1757115.
3, 5, 39047
List the prime factors of 21294.
2, 3, 7, 13
What are the prime factors of 914990?
2, 5, 91499
What are the prime factors of 17546415?
3, 5, 1169761
List the prime factors of 28685297.
28685297
What are the prime factors of 2748942?
2, 3, 7, 21817
What are the prime factors of 15461608?
2, 809, 2389
What are the prime factors of 579349?
67, 8647
What are the prime factors of 903110?
2, 5, 13, 6947
What are the prime factors of 158336?
2, 1237
What are the prime factors of 10826343?
3, 11, 109357
What are the prime factors of 4699401?
3, 7, 223781
What are the prime factors of 1502303?
11, 136573
List the prime factors of 19969420.
2, 5, 998471
List the prime factors of 3845157.
3, 139, 9221
What are the prime factors of 2405368?
2, 7, 42953
What are the prime factors of 24017?
7, 47, 73
List the prime factors of 497557.
497557
List the prime factors of 234996.
2, 3, 19583
List the prime factors of 5328336.
2, 3, 13, 8539
List the prime factors of 351318.
2, 3, 11, 5323
What are the prime factors of 800532?
2, 3, 37, 601
What are the prime factors of 14767807?
19, 491, 1583
What are the prime factors of 960221?
89, 10789
What are the prime factors of 207158?
2, 7, 14797
What are the prime factors of 1360582?
2, 680291
What are the prime factors of 342491?
101, 3391
List the prime factors of 2920288.
2, 7, 13037
List the prime factors of 558302.
2, 23, 53, 229
What are the prime factors of 3503835?
3, 5, 77863
List the prime factors of 1843.
19, 97
List the prime factors of 1541078.
2, 7, 11, 10007
List the prime factors of 242693.
11, 22063
List the prime factors of 1208153.
19, 63587
List the prime factors of 31756.
2, 17, 467
List the prime factors of 162648.
2, 3, 251
What are the prime factors of 11061500?
2, 5, 22123
What are the prime factors of 200353?
23, 31, 281
What are the prime factors of 21929402?
2, 11, 199, 5009
What are the prime factors of 9372336?
2, 3, 29, 6733
What are the prime factors of 394207?
11, 35837
List the prime factors of 26224686.
2, 3, 1456927
What are the prime factors of 25744968?
2, 3, 357569
List the prime factors of 26072099.
2833, 9203
List the prime factors of 1254648.
2, 3, 61, 857
What are the prime factors of 74186?
2, 7, 757
What are the prime factors of 302565?
3, 5, 23, 877
List the prime factors of 879725.
5, 7, 11, 457
List the prime factors of 4744633.
389, 12197
What are the prime factors of 497638?
2, 61, 4079
List the prime factors of 518823.
3, 17, 3391
What are the prime factors of 919358?
2, 11, 29, 131
What are the prime factors of 31203?
3, 3467
List the prime factors of 357407.
419, 853
What are the prime factors of 4758316?
2, 1189579
List the prime factors of 112398.
2, 3, 11, 13, 131
What are the prime factors of 4020847?
4020847
What are the prime factors of 174066?
2, 3, 67, 433
What are the prime factors of 4580626?
2, 163, 14051
What are the prime factors of 32624591?
32624591
List the prime factors of 15555751.
23, 676337
What are the prime factors of 2815751?
1109, 2539
List the prime factors of 1327678.
2, 11, 29, 2081
What are the prime factors of 206385?
3, 5, 13759
List the prime factors of 11985317.
547, 21911
List the prime factors of 281035.
5, 56207
What are the prime factors of 551259?
3, 17, 1201
What are the prime factors of 21845996?
2, 5461499
What are the prime factors of 121940?
2, 5, 7, 13, 67
What are the prime factors of 3008550?
2,